{"id":2,"date":"2026-04-03T13:35:45","date_gmt":"2026-04-03T11:35:45","guid":{"rendered":"https:\/\/mikrojumbo.dk\/wordpress\/?page_id=2"},"modified":"2026-04-05T17:07:44","modified_gmt":"2026-04-05T15:07:44","slug":"forside","status":"publish","type":"page","link":"https:\/\/mikrojumbo.dk\/wordpress\/","title":{"rendered":"Arsnovakoret"},"content":{"rendered":"\n<figure class=\"wp-block-image aligncenter size-full\"><img loading=\"lazy\" decoding=\"async\" width=\"1280\" height=\"694\" src=\"https:\/\/mikrojumbo.dk\/wordpress\/wp-content\/uploads\/2026\/img\/forside.jpg\" alt=\"\" class=\"wp-image-829\" srcset=\"https:\/\/mikrojumbo.dk\/wordpress\/wp-content\/uploads\/2026\/img\/forside.jpg 1280w, https:\/\/mikrojumbo.dk\/wordpress\/wp-content\/uploads\/2026\/img\/forside-300x163.jpg 300w, https:\/\/mikrojumbo.dk\/wordpress\/wp-content\/uploads\/2026\/img\/forside-1024x555.jpg 1024w, https:\/\/mikrojumbo.dk\/wordpress\/wp-content\/uploads\/2026\/img\/forside-768x416.jpg 768w\" sizes=\"auto, (max-width: 1280px) 100vw, 1280px\" \/><\/figure>\n\n\n\n<p><\/p>\n\n\n\n<div class=\"wp-block-group has-global-padding is-layout-constrained wp-block-group-is-layout-constrained\">\n<details class=\"wp-block-details is-layout-flow wp-block-details-is-layout-flow\"><summary>Om Arsnova koret<\/summary>\n<h2 class=\"wp-block-heading has-text-align-center\">Om Arsnova koret<\/h2>\n\n\n\n<div class=\"wp-block-columns is-layout-flex wp-container-core-columns-is-layout-28f84493 wp-block-columns-is-layout-flex\">\n<div class=\"wp-block-column is-layout-flow wp-block-column-is-layout-flow\" style=\"flex-basis:50%\">\n<p class=\"has-medium-font-size\">Vi er et ambiti\u00f8st amat\u00f8rkor, som deler gl\u00e6den ved at synge godt sammen.<br>Vi sp\u00e6nder over et bredt repertoire, hvor den danske sangskat og det gode hum\u00f8r har en s\u00e6rlig plads.<br>Koret synger mest a cappella, men optr\u00e6der ogs\u00e5 i samarbejde med musikere, organister, andre kor, symfoniorkestre og professionelle solister.<br>I samr\u00e5d med bestyrelsen v\u00e6lger dirigenten sange og tekster for koret.<br>Vi synger v\u00e6rker, der tilfredsstiller vores \u00f8nske om at blive udfordret p\u00e5 noder og teknik og at synge kendte sange i smukke nye eller gamle arrangementer og at fortolke meningsfulde tekster.<br><\/p>\n<\/div>\n\n\n\n<div class=\"wp-block-column is-layout-flow wp-block-column-is-layout-flow\" style=\"flex-basis:50%\">\n<p class=\"has-medium-font-size\">Vi synger v\u00e6rker af nutidige komponister som Michael Bojesen, John H\u00f8ybye, Bo Holten og Ola Gjeilo samt af klassiske komponister som Vivaldi, Buxtehude, Brahms, Puccini og Haydn.<\/p>\n\n\n\n<p class=\"has-medium-font-size\">Ars Nova Koret er en forening, der best\u00e5r af ca. 40 sangere.<br><br>Vi \u00f8ver mandage kl. 19\u201321.30 p\u00e5 Marievangskolen i Slagelse.<br><br>Foreningen er medlem af Kor72, der er et netv\u00e6rk af danske kor.<br>Det f\u00f8rer bl.a. til samarbejde med andre kor og dirigenter.<br><br>Ars Nova Koret samarbejder med FOF, og indmelding i koret sker gennem FOF.<\/p>\n<\/div>\n<\/div>\n<\/details>\n<\/div>\n\n\n\n<div class=\"wp-block-group .full-height-110 {  min-height: 110vh; } has-global-padding is-layout-constrained wp-block-group-is-layout-constrained\">\n<details class=\"wp-block-details is-layout-flow wp-block-details-is-layout-flow\"><summary>Arsnova korets bestyrelse<\/summary>\n<h2 class=\"wp-block-heading has-text-align-center\">Bestyrelsen<\/h2>\n\n\n\n<div class=\"wp-block-columns is-layout-flex wp-container-core-columns-is-layout-28f84493 wp-block-columns-is-layout-flex\">\n<div class=\"wp-block-column is-layout-flow wp-block-column-is-layout-flow\" style=\"flex-basis:33.34%\">\n<figure class=\"wp-block-image aligncenter size-medium\"><img loading=\"lazy\" decoding=\"async\" width=\"233\" height=\"300\" src=\"https:\/\/mikrojumbo.dk\/wordpress\/wp-content\/uploads\/2026\/img\/img2-233x300.jpg\" alt=\"\" class=\"wp-image-831\" srcset=\"https:\/\/mikrojumbo.dk\/wordpress\/wp-content\/uploads\/2026\/img\/img2-233x300.jpg 233w, https:\/\/mikrojumbo.dk\/wordpress\/wp-content\/uploads\/2026\/img\/img2.jpg 655w\" sizes=\"auto, (max-width: 233px) 100vw, 233px\" \/><figcaption class=\"wp-element-caption\">Korleder Claudia M\u00f8rch<\/figcaption><\/figure>\n<\/div>\n\n\n\n<div class=\"wp-block-column is-layout-flow wp-block-column-is-layout-flow\" style=\"flex-basis:33.34%\">\n<figure class=\"wp-block-image aligncenter size-medium\"><img loading=\"lazy\" decoding=\"async\" width=\"200\" height=\"300\" src=\"https:\/\/mikrojumbo.dk\/wordpress\/wp-content\/uploads\/2026\/img\/img1-200x300.jpg\" alt=\"\" class=\"wp-image-830\" srcset=\"https:\/\/mikrojumbo.dk\/wordpress\/wp-content\/uploads\/2026\/img\/img1-200x300.jpg 200w, https:\/\/mikrojumbo.dk\/wordpress\/wp-content\/uploads\/2026\/img\/img1.jpg 563w\" sizes=\"auto, (max-width: 200px) 100vw, 200px\" \/><figcaption class=\"wp-element-caption\">Formand Charlotte Obel<\/figcaption><\/figure>\n<\/div>\n\n\n\n<div class=\"wp-block-column is-layout-flow wp-block-column-is-layout-flow\" style=\"flex-basis:33.33%\">\n<figure class=\"wp-block-image aligncenter size-medium\"><img loading=\"lazy\" decoding=\"async\" width=\"232\" height=\"300\" src=\"https:\/\/mikrojumbo.dk\/wordpress\/wp-content\/uploads\/2026\/img\/img3-232x300.jpg\" alt=\"\" class=\"wp-image-832\" srcset=\"https:\/\/mikrojumbo.dk\/wordpress\/wp-content\/uploads\/2026\/img\/img3-232x300.jpg 232w, https:\/\/mikrojumbo.dk\/wordpress\/wp-content\/uploads\/2026\/img\/img3.jpg 654w\" sizes=\"auto, (max-width: 232px) 100vw, 232px\" \/><figcaption class=\"wp-element-caption\">N\u00e6stformand Carsten Holm<\/figcaption><\/figure>\n<\/div>\n<\/div>\n\n\n\n<div class=\"wp-block-columns is-layout-flex wp-container-core-columns-is-layout-28f84493 wp-block-columns-is-layout-flex\">\n<div class=\"wp-block-column is-layout-flow wp-block-column-is-layout-flow\" style=\"flex-basis:100%\">\n<div class=\"wp-block-columns is-layout-flex wp-container-core-columns-is-layout-28f84493 wp-block-columns-is-layout-flex\">\n<div class=\"wp-block-column is-layout-flow wp-block-column-is-layout-flow\" style=\"flex-basis:100%\">\n<div class=\"wp-block-columns is-layout-flex wp-container-core-columns-is-layout-28f84493 wp-block-columns-is-layout-flex\">\n<div class=\"wp-block-column is-layout-flow wp-block-column-is-layout-flow\" style=\"flex-basis:33.34%\">\n<figure class=\"wp-block-image aligncenter size-medium\"><img loading=\"lazy\" decoding=\"async\" width=\"200\" height=\"300\" src=\"https:\/\/mikrojumbo.dk\/wordpress\/wp-content\/uploads\/2026\/img\/img4-200x300.jpg\" alt=\"\" class=\"wp-image-833\" srcset=\"https:\/\/mikrojumbo.dk\/wordpress\/wp-content\/uploads\/2026\/img\/img4-200x300.jpg 200w, https:\/\/mikrojumbo.dk\/wordpress\/wp-content\/uploads\/2026\/img\/img4.jpg 563w\" sizes=\"auto, (max-width: 200px) 100vw, 200px\" \/><figcaption class=\"wp-element-caption\">Sekret\u00e6r Ulla Denk<\/figcaption><\/figure>\n<\/div>\n\n\n\n<div class=\"wp-block-column is-layout-flow wp-block-column-is-layout-flow\" style=\"flex-basis:33.34%\">\n<figure class=\"wp-block-image aligncenter size-medium\"><img loading=\"lazy\" decoding=\"async\" width=\"200\" height=\"300\" src=\"https:\/\/mikrojumbo.dk\/wordpress\/wp-content\/uploads\/2026\/img\/img5-200x300.jpg\" alt=\"\" class=\"wp-image-834\" srcset=\"https:\/\/mikrojumbo.dk\/wordpress\/wp-content\/uploads\/2026\/img\/img5-200x300.jpg 200w, https:\/\/mikrojumbo.dk\/wordpress\/wp-content\/uploads\/2026\/img\/img5.jpg 563w\" sizes=\"auto, (max-width: 200px) 100vw, 200px\" \/><figcaption class=\"wp-element-caption\">Kasserer Lisbeth Friis<\/figcaption><\/figure>\n<\/div>\n\n\n\n<div class=\"wp-block-column is-layout-flow wp-block-column-is-layout-flow\" style=\"flex-basis:33.33%\">\n<figure class=\"wp-block-image aligncenter size-medium\"><img loading=\"lazy\" decoding=\"async\" width=\"226\" height=\"300\" src=\"https:\/\/mikrojumbo.dk\/wordpress\/wp-content\/uploads\/2026\/img\/img6-226x300.jpg\" alt=\"\" class=\"wp-image-835\" srcset=\"https:\/\/mikrojumbo.dk\/wordpress\/wp-content\/uploads\/2026\/img\/img6-226x300.jpg 226w, https:\/\/mikrojumbo.dk\/wordpress\/wp-content\/uploads\/2026\/img\/img6.jpg 637w\" sizes=\"auto, (max-width: 226px) 100vw, 226px\" \/><figcaption class=\"wp-element-caption\">Bestyrelsesmedlem Jette Hvalsum<\/figcaption><\/figure>\n<\/div>\n<\/div>\n<\/div>\n<\/div>\n<\/div>\n<\/div>\n<\/details>\n<\/div>\n\n\n\n<p>asdasdasd<\/p>\n\n\n\n<p>dhfsgsdfghadfh<\/p>\n\n\n\n<p>kjljkggkl\u00e6g<\/p>\n\n\n\n<p>l\u00e6kjdfjsghfas<\/p>\n\n\n\n<p>lgdfghsfgjhk<\/p>\n\n\n\n<p><\/p>\n","protected":false},"excerpt":{"rendered":"<p>asdasdasd dhfsgsdfghadfh kjljkggkl\u00e6g l\u00e6kjdfjsghfas lgdfghsfgjhk<\/p>\n","protected":false},"author":1,"featured_media":0,"parent":0,"menu_order":0,"comment_status":"closed","ping_status":"open","template":"","meta":{"footnotes":""},"class_list":["post-2","page","type-page","status-publish","hentry"],"_links":{"self":[{"href":"https:\/\/mikrojumbo.dk\/wordpress\/wp-json\/wp\/v2\/pages\/2","targetHints":{"allow":["GET"]}}],"collection":[{"href":"https:\/\/mikrojumbo.dk\/wordpress\/wp-json\/wp\/v2\/pages"}],"about":[{"href":"https:\/\/mikrojumbo.dk\/wordpress\/wp-json\/wp\/v2\/types\/page"}],"author":[{"embeddable":true,"href":"https:\/\/mikrojumbo.dk\/wordpress\/wp-json\/wp\/v2\/users\/1"}],"replies":[{"embeddable":true,"href":"https:\/\/mikrojumbo.dk\/wordpress\/wp-json\/wp\/v2\/comments?post=2"}],"version-history":[{"count":12,"href":"https:\/\/mikrojumbo.dk\/wordpress\/wp-json\/wp\/v2\/pages\/2\/revisions"}],"predecessor-version":[{"id":867,"href":"https:\/\/mikrojumbo.dk\/wordpress\/wp-json\/wp\/v2\/pages\/2\/revisions\/867"}],"wp:attachment":[{"href":"https:\/\/mikrojumbo.dk\/wordpress\/wp-json\/wp\/v2\/media?parent=2"}],"curies":[{"name":"wp","href":"https:\/\/api.w.org\/{rel}","templated":true}]}}